
What is -44 - (-41 - (-21 + 12))?
-12
Calculate -30 + 7 + (74 - 69).
-18
Evaluate (21 - 8) + (-5 - -26) + -14 - 72.
-52
Calculate 208 + -281 - (13 - 9 - (-7 - 2)).
-86
What is the value of (15 + (7 - 14) + -8 - 0) + (61 - 1)?
60
Evaluate -30 + -86 + -19 + 106.
-29
What is the value of -36 - (-26 + -20 + 26 + 1)?
-17
Calculate 5 + 0 + (-13 + 31 + -19 - 1).
3
What is (-4 - (-11 - -13)) + (1 - (-2 - (-1 + 12)))?
8
What is 30 + (-51 - 23 - -89)?
45
Evaluate 1 - (-29 - 16 - -51).
-5
What is -6 - (39 - (-48 - -30))?
-63
39 + (-1 - 6) + (264 - 268) + 13
41
(-7214 - -7212) + (19 - 3) + 2
16
14 + -53 + -8 - -40
-7
What is the value of (-12 - (13 - 43)) + -9 - (-1 - 16)?
26
-6 + 4 + (18 - 3) + -43 + -8
-38
Calculate (-93 - (-4 + 8 + 4)) + -76 + 90.
-87
What is 65 - (-96 + 68 + 63)?
30
Calculate 2 + (13 - -5) + 7 + -42.
-15
-10 + -88 - (-7 + -22 + 39 - (7 - 7))
-108
Evaluate 77 + 1 + -3689 + 3634.
23
3 - (730 - 700 - (2 - -144))
119
-50 + -7 - (70 + -135)
8
What is -10 + (84 + (29 - 32) - (1 - -6))?
64
(20 + -1 - (-4 - -35)) + 30
18
What is -14 + (32 - 11) + -38 - (-8 + 3)?
-26
What is the value of (-15 - -1 - -30) + 49 + -19?
46
Calculate 30 - (141 + -177 + 36).
30
What is the value of 8 - ((0 - (25 - 37)) + 1 + 31) - 12?
-48
What is 1 + -1 + 24 + (-11447 - -11513)?
90
What is the value of 90 + -107 + 92 - (0 - -11)?
64
14 + -4 + 2 + (141 - 164) - (-112 - -1)
100
(-65 - (-14 - 13)) + (12 + -5 - -1)
-30
Evaluate 1 + 0 + 67 - (22889 + -22862).
41
259 - 243 - (-11 + 0 + 26)
1
-37 - (-579 - -610 - (-14 - -2))
-80
(102 - 134) + (1 - (13 + -77))
33
-1 + 1 + -17 + -33 - (-11 - 27 - -41)
-53
1 + -74 + (20 + -39 - (0 - 11))
-81
-11 + (-8 - (20 + -12)) + (5 - 7 - 7)
-36
Evaluate -115 - ((-2 - -32) + 165 + -195).
-115
What is the value of 83 + (10 - 48) + 17 + -1 + 3 + 8?
72
Evaluate 5 + (-10 - -17) - (36 + 3 + 11 + -22).
-16
What is the value of (1198 - 1241) + 10 + (-5 - -4)?
-34
Calculate (-9 - -19) + (25 - 4) + -33 - 5.
-7
What is 504 - 507 - ((1 - 3 - 12) + 0)?
11
25 + -12 + -13 - 24
-24
-73 - (19 + -42) - -12
-38
Evaluate -212 - -115 - -110 - (72 + 3).
-62
Calculate 44 + (1 - -10) + -11 + -4 + 14 - 6.
48
Evaluate -19 + (126 - -1) + -1 + -8 + 6.
105
What is the value of (-2 - (34 - (1 + 7))) + -5?
-33
What is (-24 - 2) + -2 + (15 - (-126 - -135))?
-22
What is the value of 32 + (29 - 18 - 22) + 22?
43
What is the value of 18 - 3 - -1 - (20 + (-73 - -33))?
36
Calculate 3 + (-19 + -10 - -11) + -22.
-37
Calculate 13 + (-27 - -7) + (8 - -30).
31
Evaluate -3 + -2 + 8 + -7 + (-3 - 2).
-9
Calculate (129 + -123 - (-2 - -4 - -1)) + 11 + 0.
14
Evaluate -115 - -35 - (26 + -142).
36
What is (159 + -155 - (5 + 4)) + -24 + 1?
-28
What is (-96 - (33 + -67) - -2) + -45?
-105
Evaluate (7 + 1 - (-480 - -505)) + 18 - -16.
17
Calculate 62 - (-77 - (-82 + 19)).
76
(27 + 9 - -48) + -17 + -36
31
What is the value of 90 - 183 - (-17 + -48)?
-28
What is the value of 18 + -11 - (12 - -5 - 41)?
31
Calculate -15 - -34 - 7 - ((-1 - -5) + 49).
-41
What is the value of 45 + 5 + -9 + -20 + 14?
35
Evaluate -9 + -5 + (-28 - -22) + 61.
41
Evaluate (-3 - 17) + (0 - 5) + 63.
38
What is 48 - (13 + 20 + (12 - 28))?
31
Evaluate -16 + (56 - (22 + -46 + 36)).
28
-3 - 56 - (1 + -11 + 19)
-68
0 + -29 - -39 - (10 - 29)
29
37 + (-64 - -97 - 21)
49
What is -49 - -71 - ((-3 - -8) + 21)?
-4
What is 8 + (147 + -142 - 23)?
-10
Evaluate 35 + 15 - (16 - -11).
23
(25 - 13) + (11 - (-4 - -5)) + -8
14
What is the value of 22 - (8 + (6 - 15) + 5)?
18
What is -64 - (-87 + 97 - 139)?
65
What is (-32 - -54) + 2 - (75 + 10)?
-61
What is the value of -14 + 13 + 0 + (1 - (6 + -9))?
3
-19 - ((17 - (-2 + 16)) + (1 - 8))
-15
What is the value of 15 + 24 + (-2 - (-25 + 9 - -9))?
44
Evaluate (4 - -2) + -28 + 14 + (286 - 241).
37
What is (-263 - -212) + 11 + 1 + -2?
-41
What is the value of (-3539 - -3615) + (0 - 155)?
-79
What is (0 - 7 - (-9 + 16)) + -21 - -4?
-31
What is the value of -9 + (2 + 49 - 2) + (-20 - (9 - 29))?
40
Evaluate 36 - 1 - (2505 - 2577).
107
What is 117 + 56 + -207 - -34?
0
What is 4 + 6 + -4 + -3 + 8 + 70?
81
What is the value of 13 - ((3 - 12) + -4 + (12 - 10) + 7)?
17
Calculate -76 + (586 + -565 - (20 + 0)) + (0 - -2).
-73
Calculate (52 + -34 - -30) + -57.
-9
Evaluate -15 + 10 + 1 + -2 + 29 + 1.
24
What is the value of (-5 - -46) + -37 + -57?
-53
(-12 - (-3 - -28)) + 57
20
What is the value of 36 + 6 - (166 - 151)?
27
Calculate 0 + 22 + -272 + 239 - -18.
7
(15 - 19 - ((25 - 6) + 12)) + 15
-20
Calculate 0 - (-4 + 6) - (2 - 29 - -12).
13
-41 + -24 + 32 - -55
22
11 + (-21 - (-10 + 18 + -9 + 14))
-23
Evaluate -17 - 1 - -7 - 45 - (1 + (-1 - -1)).
-57
Calculate ((-18 - -31) + 6 - 27 - -101) + -5.
88
What is (-62 - -22) + 47 + -43?
-36
Calculate -2 + -38 + -2066 + 2132.
26
Calculate (-6 - -1) + (-192 - -200) - 6 - 3.
-6
Evaluate 48 - (-6 - 10 - -27).
37
Evaluate (23 - 5 - (-111 - -94)) + 7 - (-1 - 10).
53
Calculate (3 + -22 + 0 - (32 + -39) - -5) + -17.
-24
Evaluate ((13 - 15) + -18 + -1 - -105) + -6.
78
What is -98 - -1 - (2473 + -2452 + (-33 - (3 + -2)))?
-84
Calculate 36 + -58 + -2 + -6 + 73 + -1 + 8.
50
Evaluate -5948 - -5981 - (72 + 0).
-39
Calculate 67 + (-18 + -9 - 10) + -46.
-16
(-92 - -20) + (33 - (16 + 5))
-60
Calculate -3302 + 3358 + (23 - -3).
82
What is (-11422 - -11455) + (-1 - -45)?
77
Calculate (-25 + -19 - -71) + (-27 - -7).
7
8 + -4 + ((-13 - 35) + 35 - (18 + 1))
-28
What is the value of -66 + 6 + -72 + 196?
64
Evaluate -6 + 4 + -2587 + 2544.
-45
Calculate -21 - (-30 - (61 - 41)).
29
What is 6 + (1 - -101) + (-679 - -633)?
62
Evaluate (0 - -9 - (-72 - -76)) + 11 - 7 - 16.
-7
Calculate -6 + -5 + -10 + 0 + 9 + -5.
-17
21 + 46 + -34 - 48
-15
What is -47 + 99 + -1 + -86?
-35
Evaluate (14 - (61 - -12)) + 5.
-54
Calculate -15 + 5 + (70 - 204).
-144
Calculate -53 + (-67 - (-24 + -46)).
-50
What is 61 - 34 - (14 - ((-5 - -12) + 8))?
28
Calculate (32 + 71 - 40) + (-1 + -1 - 0).
61
-32 + 37 - (5 - 12 - 7)
19
21 + -1 - (-24 + (28 - (0 - -10)))
26
What is -3 - (2 + -4 + 2) - 13 - (-293 + 296)?
-19
Calculate 1 + (323 + -247 - (7 - (1 - 1)) - 3).
67
What is the value of (-12 - (0 - -2)) + 287 + -278 + -10 + -5?
-20
Evaluate 61 - (54 + -52 + 35).
24
28 + -4 - (23 - (0 - 5))
-4
What is (-410 - -204 - -220) + -2 + 3 + -59 + 0?
-44
Calculate 27 + -22 + -17 + (-61 + -22 - (7 - 2)).
-100
What is the value of -2 - -4 - -7 - (4399 + -4400)?
10
Evaluate -61 + (-1 - 43 - (1109 + -1144)).
-70
What is -36 + 30 + 5 + -9 + 2 + (1 - -3)?
-4
What is the value of -47 + (27 - (-15 + 17))?
-22
What is (18 + -34 - (49 - 5)) + -6 - -15?
-51
What is the value of 16 + -8 - (-57 - -79)?
-14
Calculate -139 + 128 + 91 - (3 + (21 - 2)).
58
What is the value of (0 - 62) + 7951 + -7895?
-6
(-7 - -7) + 12 + -7 + (-4 - -1) + 34
36
What is -111 - (-7 - (-2 + 8) - (9 - (31 - 6)))?
-114
Calculate 49 - (2 - (-36 + 22 - 23)).
10
Evaluate (10 - 1 - ((1 - 1) + 114)) + 7.
-98
11 + (-20 - (-1 - (-8 - -29))) - 40
-27
Evaluate -4519 + 4597 + (-9 - (-1 - -1)) + 17 + -6.
80
What is (-56 - (-99 - -32)) + (-104 - (0 + 2))?
-95
What is the value of 50 + (-38 - (29 - 13))?
-4
What is the value of 400 + -762 + 375 + (-2 + 1 + -40 - 1)?
-29
Calculate 31 - (67 + -42 + 29).
-23
Evaluate 107 + -237 + 7 + -9 + 26 + -2.
-108
What is (2 - 2) + (276 - 221) - 16?
39
-2 + 3 + -79 - (4 - 8) - (142 - 153)
-63
Calculate (17 - -1) + (-6 - -55 - 51) - 11.
5
Calculate 42 + -75 - -90 - -2.
59
What is the value of -34 + -2 + 6 + -9 + 0 + -2?
-41
Calculate 86 - (-98 + 43 - -73).
68
What is -27 - (2 + -5) - (-1194 - -1167)?
3
1 + -1 + 10 + 4 + -10 - 29
-25
Evaluate 22 - 6 - (-4 + (112 - 20)).
-72
-43 + 3 + (18 - (-14 + 36))
-44
Evaluate 72 + (-5 - (43 + 39)).
-15
Calculate -1 + (5 + -11 - (5 + -11)) - (11 - -101).
-113
-462 - -464 - (11 - 14)
5
Calculate -85 - -98 - (-10 + 6 - (-5 - 0) - 7).
19
-40 + -50 + 52 + 22
-16
Evaluate (11 - 4 - -66) + 9 + -27.
55
(-14 - -1) + (29 - ((-4 - -13) + 65))
-58
What is (17 - 20 - -10) + (-81 + 5 - 6) + -8?
-83
Calculate (5 - (14 - -1)) + -76 + -2 + 30 + -34.
-92
3 + 43 - 3 - (-56 - (-91 - -37))
45
What is the value of (-3921 - -3914) + -43 + 0?
-50
20 + -4 - (339 + -358)
35
Calculate 7 + (-10 - (4 + -2) - (75 + -86)).
6
(-30 - 3 - -5) + (-500 - -521)
-7
What is the value of 4 - 48 - (718 + -750)?
-12
What is -9 + 10 + (3 - 29) + -31